{"id":496,"date":"2024-09-27T11:43:26","date_gmt":"2024-09-27T09:43:26","guid":{"rendered":"https:\/\/expo-moto.ch\/wordpress\/?page_id=496"},"modified":"2025-03-26T22:24:08","modified_gmt":"2025-03-26T21:24:08","slug":"home-page","status":"publish","type":"page","link":"https:\/\/expo-moto.ch\/wordpress\/","title":{"rendered":"Home Page"},"content":{"rendered":"<div class=\"wpb-content-wrapper\"><p>[vc_row full_width=\u00a0\u00bbstretch_row\u00a0\u00bb css=\u00a0\u00bb.vc_custom_1727455932728{margin-right: 0px !important;margin-left: 0px !important;padding-right: 0px !important;padding-left: 0px !important;}\u00a0\u00bb][vc_column css=\u00a0\u00bb.vc_custom_1727445378329{margin-right: 0px !important;margin-left: 0px !important;padding-right: 0px !important;padding-left: 0px !important;}\u00a0\u00bb][vc_single_image image=\u00a0\u00bb1170&Prime; img_size=\u00a0\u00bbfull\u00a0\u00bb css_animation=\u00a0\u00bbfadeIn\u00a0\u00bb css=\u00a0\u00bb.vc_custom_1731256018962{margin-right: 0px !important;margin-bottom: 0px !important;margin-left: 0px !important;padding-right: 0px !important;padding-left: 0px !important;}\u00a0\u00bb el_class=\u00a0\u00bbbanner-img\u00a0\u00bb][\/vc_column][\/vc_row][vc_row el_class=\u00a0\u00bbsite-container\u00a0\u00bb][vc_column css=\u00a0\u00bb.vc_custom_1727450317230{padding-right: 0px !important;padding-left: 0px !important;}\u00a0\u00bb][vc_column_text css=\u00a0\u00bb.vc_custom_1727749981773{margin-bottom: 17px !important;}\u00a0\u00bb el_class=\u00a0\u00bbextra-title\u00a0\u00bb]<\/p>\n<h1 style=\"text-align: left;\">Expo-Moto Martigny<\/h1>\n<p>[\/vc_column_text][vc_column_text css=\u00a0\u00bb\u00a0\u00bb el_class=\u00a0\u00bbtitle-date\u00a0\u00bb]<\/p>\n<h2 style=\"text-align: left;\">29-30 Mars 2025<\/h2>\n<p>[\/vc_column_text][\/vc_column][\/vc_row][vc_row el_class=\u00a0\u00bbsite-container content-home\u00a0\u00bb][vc_column width=\u00a0\u00bb1\/4&Prime; css=\u00a0\u00bb.vc_custom_1727453239107{padding-right: 0px !important;padding-left: 0px !important;}\u00a0\u00bb el_class=\u00a0\u00bbhome-content-left\u00a0\u00bb][vc_custom_heading text=\u00a0\u00bbSamedi\u00a0\u00bb font_container=\u00a0\u00bbtag:p|font_size:32px|text_align:left|color:%232B2E34|line_height:44px\u00a0\u00bb use_theme_fonts=\u00a0\u00bbyes\u00a0\u00bb css=\u00a0\u00bb.vc_custom_1727750692685{margin-bottom: 0px !important;}\u00a0\u00bb el_class=\u00a0\u00bbfw-800 text-upper title-32&Prime;][vc_custom_heading text=\u00a0\u00bbDe 10h \u00e0 20h\u00a0\u00bb font_container=\u00a0\u00bbtag:p|font_size:32px|text_align:left|color:%232B2E34|line_height:44px\u00a0\u00bb use_theme_fonts=\u00a0\u00bbyes\u00a0\u00bb css=\u00a0\u00bb.vc_custom_1727750776798{margin-bottom: 44px !important;}\u00a0\u00bb el_class=\u00a0\u00bbfw-500&Prime;][vc_custom_heading text=\u00a0\u00bbDimanche\u00a0\u00bb font_container=\u00a0\u00bbtag:p|font_size:32px|text_align:left|color:%232B2E34|line_height:44px\u00a0\u00bb use_theme_fonts=\u00a0\u00bbyes\u00a0\u00bb css=\u00a0\u00bb.vc_custom_1727750702597{margin-bottom: 0px !important;}\u00a0\u00bb el_class=\u00a0\u00bbfw-800 text-upper title-32&Prime;][vc_custom_heading text=\u00a0\u00bbDe 10h \u00e0 18h\u00a0\u00bb font_container=\u00a0\u00bbtag:p|font_size:32px|text_align:left|color:%232B2E34|line_height:44px\u00a0\u00bb use_theme_fonts=\u00a0\u00bbyes\u00a0\u00bb css=\u00a0\u00bb.vc_custom_1727750784125{margin-bottom: 44px !important;}\u00a0\u00bb el_class=\u00a0\u00bbfw-500&Prime;][vc_custom_heading text=\u00a0\u00bbEntr\u00e9e libre\u00a0\u00bb font_container=\u00a0\u00bbtag:p|font_size:32px|text_align:left|color:%232B2E34|line_height:44px\u00a0\u00bb use_theme_fonts=\u00a0\u00bbyes\u00a0\u00bb css=\u00a0\u00bb.vc_custom_1727750802221{margin-bottom: 44px !important;}\u00a0\u00bb el_class=\u00a0\u00bbfw-800 text-upper title-32&Prime;][vc_custom_heading text=\u00a0\u00bbCerm\u00a0\u00bb font_container=\u00a0\u00bbtag:p|font_size:32px|text_align:left|color:%232B2E34|line_height:44px\u00a0\u00bb use_theme_fonts=\u00a0\u00bbyes\u00a0\u00bb css=\u00a0\u00bb.vc_custom_1731959384757{margin-bottom: 0px !important;}\u00a0\u00bb el_class=\u00a0\u00bbfw-800 text-upper title-32&Prime;][vc_custom_heading text=\u00a0\u00bbDe martigny\u00a0\u00bb font_container=\u00a0\u00bbtag:p|font_size:32px|text_align:left|color:%232B2E34|line_height:44px\u00a0\u00bb use_theme_fonts=\u00a0\u00bbyes\u00a0\u00bb css=\u00a0\u00bb.vc_custom_1727750723564{margin-bottom: 0px !important;}\u00a0\u00bb el_class=\u00a0\u00bbfw-800 text-upper title-32&Prime;][vc_custom_heading text=\u00a0\u00bbRue du Levant 91,\u00a0\u00bb font_container=\u00a0\u00bbtag:p|font_size:32px|text_align:left|color:%232B2E34|line_height:44px\u00a0\u00bb use_theme_fonts=\u00a0\u00bbyes\u00a0\u00bb css=\u00a0\u00bb.vc_custom_1727453010478{margin-bottom: 0px !important;}\u00a0\u00bb el_class=\u00a0\u00bbfw-500&Prime;][vc_custom_heading text=\u00a0\u00bb1920 Martigny\u00a0\u00bb font_container=\u00a0\u00bbtag:p|font_size:32px|text_align:left|color:%232B2E34|line_height:44px\u00a0\u00bb use_theme_fonts=\u00a0\u00bbyes\u00a0\u00bb css=\u00a0\u00bb.vc_custom_1727750795445{margin-bottom: 44px !important;}\u00a0\u00bb el_class=\u00a0\u00bbfw-500&Prime;][vc_custom_heading text=\u00a0\u00bb079 608 07 00&Prime; font_container=\u00a0\u00bbtag:p|font_size:32px|text_align:left|color:%232B2E34|line_height:44px\u00a0\u00bb use_theme_fonts=\u00a0\u00bbyes\u00a0\u00bb css=\u00a0\u00bb.vc_custom_1731256124502{margin-bottom: 20px !important;}\u00a0\u00bb el_class=\u00a0\u00bbfw-800 text-upper title-32&Prime;][vc_separator css=\u00a0\u00bb\u00a0\u00bb][vc_column_text css=\u00a0\u00bb\u00a0\u00bb el_class=\u00a0\u00bbfont-26 fw-400&Prime;]Si vous \u00eates passionn\u00e9s de moto, ou tous types de v\u00e9hicules motoris\u00e9s allant de 2 a 3 roues et souhaitez int\u00e9grer cette manifestation en tant exposant, n\u2019h\u00e9sitez pas \u00e0 vous inscrire.[\/vc_column_text][vc_btn title=\u00a0\u00bbDevenir exposant\u00a0\u00bb style=\u00a0\u00bbcustom\u00a0\u00bb custom_background=\u00a0\u00bb#FFFFFF\u00a0\u00bb custom_text=\u00a0\u00bb#9D9D9D\u00a0\u00bb shape=\u00a0\u00bbsquare\u00a0\u00bb size=\u00a0\u00bblg\u00a0\u00bb css=\u00a0\u00bb.vc_custom_1727750894381{margin-top: 34px !important;margin-bottom: 67px !important;}\u00a0\u00bb el_class=\u00a0\u00bbbutton-yellow fw-800&Prime; link=\u00a0\u00bburl:https%3A%2F%2Fexpo-moto.ch%2Fwordpress%2Ffr%2Fexposer%2F|title:Exposer\u00a0\u00bb][vc_btn title=\u00a0\u00bbVenez vendre votre moto d&rsquo;occasion\u00a0\u00bb style=\u00a0\u00bbcustom\u00a0\u00bb custom_background=\u00a0\u00bb#FFFFFF\u00a0\u00bb custom_text=\u00a0\u00bb#9D9D9D\u00a0\u00bb shape=\u00a0\u00bbsquare\u00a0\u00bb size=\u00a0\u00bblg\u00a0\u00bb css=\u00a0\u00bb.vc_custom_1739306313249{margin-top: 34px !important;margin-bottom: 67px !important;}\u00a0\u00bb el_class=\u00a0\u00bbbutton-yellow fw-800&Prime; link=\u00a0\u00bburl:https%3A%2F%2Fexpo-moto.ch%2Fwordpress%2Fvente-form%2F|title:Exposer\u00a0\u00bb][\/vc_column][vc_column width=\u00a0\u00bb3\/4&Prime; el_class=\u00a0\u00bbhome-content-right\u00a0\u00bb css=\u00a0\u00bb.vc_custom_1727750881612{margin-top: -6px !important;margin-right: 0px !important;margin-left: 0px !important;padding-right: 0px !important;padding-left: 0px !important;}\u00a0\u00bb][vc_column_text css_animation=\u00a0\u00bbfadeInUp\u00a0\u00bb css=\u00a0\u00bb\u00a0\u00bb el_class=\u00a0\u00bbfont-26 fw-400&Prime;]L\u2019 Expo-Moto Martigny est de retour au CERM les <strong>29 et 30 mars 2025<\/strong> et c\u00e9l\u00e8bre son <strong>30\u00e8me anniversaire<\/strong>. De nombreux invit\u00e9s, des animations et exposants seront pr\u00e9sents.[\/vc_column_text][vc_single_image image=\u00a0\u00bb1121&Prime; img_size=\u00a0\u00bbfull\u00a0\u00bb alignment=\u00a0\u00bbcenter\u00a0\u00bb css_animation=\u00a0\u00bbfadeInUp\u00a0\u00bb css=\u00a0\u00bb\u00a0\u00bb][vc_custom_heading text=\u00a0\u00bbL&rsquo;\u00e9v\u00e9nement\u00a0\u00bb font_container=\u00a0\u00bbtag:p|font_size:26|text_align:left|color:%232B2E34|line_height:44px\u00a0\u00bb use_theme_fonts=\u00a0\u00bbyes\u00a0\u00bb css=\u00a0\u00bb.vc_custom_1731256391567{margin-bottom: 0px !important;}\u00a0\u00bb el_class=\u00a0\u00bbfw-800 text-upper title-26&Prime;][vc_column_text css=\u00a0\u00bb\u00a0\u00bb el_class=\u00a0\u00bbfont-26 fw-400&Prime;]Liste des exposants et des invit\u00e9s, programmes et animations, vendez votre occasion\u2026<\/p>\n<p>&nbsp;<\/p>\n<p>Retrouvez ici toutes les informations pratiques dont vous aurez besoin pour profiter au mieux de notre manifestation[\/vc_column_text][vc_btn title=\u00a0\u00bbEn savoir plus sur l&rsquo;\u00e9v\u00e9nement\u00a0\u00bb style=\u00a0\u00bbcustom\u00a0\u00bb custom_background=\u00a0\u00bb#FFFFFF\u00a0\u00bb custom_text=\u00a0\u00bb#9D9D9D\u00a0\u00bb shape=\u00a0\u00bbsquare\u00a0\u00bb size=\u00a0\u00bblg\u00a0\u00bb css=\u00a0\u00bb.vc_custom_1731180339251{margin-top: 5px !important;margin-bottom: 79px !important;}\u00a0\u00bb el_class=\u00a0\u00bbbutton-yellow fw-800&Prime; link=\u00a0\u00bburl:https%3A%2F%2Fexpo-moto.ch%2Fwordpress%2Ffr%2Fvisiter%2F\u00a0\u00bb][\/vc_column][\/vc_row][vc_section css=\u00a0\u00bb.vc_custom_1727456732011{margin-right: 0px !important;margin-left: 0px !important;padding-top: 88px !important;padding-right: 0px !important;padding-bottom: 88px !important;padding-left: 0px !important;background-color: #FFBD30 !important;}\u00a0\u00bb][vc_row el_class=\u00a0\u00bbsite-container\u00a0\u00bb][vc_column][vc_custom_heading text=\u00a0\u00bbEn 2023 c\u2019\u00e9tait\u00a0\u00bb font_container=\u00a0\u00bbtag:p|font_size:38|text_align:left|color:%23FFFFFF|line_height:44px\u00a0\u00bb use_theme_fonts=\u00a0\u00bbyes\u00a0\u00bb css=\u00a0\u00bb.vc_custom_1730496686199{margin-bottom: 0px !important;}\u00a0\u00bb el_class=\u00a0\u00bbfw-800 text-upper\u00a0\u00bb][vc_row_inner el_class=\u00a0\u00bbtext-animation-box\u00a0\u00bb][vc_column_inner el_class=\u00a0\u00bbtext-animation\u00a0\u00bb width=\u00a0\u00bb1\/3&Prime; css=\u00a0\u00bb.vc_custom_1727767978520{margin-right: 0px !important;margin-left: 0px !important;padding-right: 0px !important;padding-left: 0px !important;}\u00a0\u00bb][vc_custom_heading text=\u00a0\u00bb15\u2019000 visiteurs\u00a0\u00bb font_container=\u00a0\u00bbtag:p|font_size:26|text_align:left|color:%232B2E34|line_height:44px\u00a0\u00bb use_theme_fonts=\u00a0\u00bbyes\u00a0\u00bb css_animation=\u00a0\u00bbfadeInUp\u00a0\u00bb css=\u00a0\u00bb.vc_custom_1727767870122{margin-right: 0px !important;margin-bottom: 0px !important;margin-left: 0px !important;border-right-width: 3px !important;padding-right: 0px !important;padding-left: 0px !important;border-right-style: solid !important;border-color: #2B2E34 !important;}\u00a0\u00bb el_class=\u00a0\u00bbfw-800 text-upper\u00a0\u00bb][\/vc_column_inner][vc_column_inner el_class=\u00a0\u00bbtext-animation\u00a0\u00bb width=\u00a0\u00bb1\/3&Prime; css=\u00a0\u00bb.vc_custom_1727767982904{margin-right: 0px !important;margin-left: 0px !important;padding-right: 0px !important;padding-left: 0px !important;}\u00a0\u00bb][vc_custom_heading text=\u00a0\u00bb23 Marques de v\u00e9hicules\u00a0\u00bb font_container=\u00a0\u00bbtag:p|font_size:26|text_align:left|color:%232B2E34|line_height:44px\u00a0\u00bb use_theme_fonts=\u00a0\u00bbyes\u00a0\u00bb css_animation=\u00a0\u00bbfadeInUp\u00a0\u00bb css=\u00a0\u00bb.vc_custom_1727767860619{margin-right: 0px !important;margin-bottom: 0px !important;margin-left: 0px !important;padding-right: 0px !important;padding-left: 0px !important;}\u00a0\u00bb el_class=\u00a0\u00bbfw-800 text-upper\u00a0\u00bb][\/vc_column_inner][vc_column_inner el_class=\u00a0\u00bbtext-animation\u00a0\u00bb width=\u00a0\u00bb1\/3&Prime; css=\u00a0\u00bb.vc_custom_1727767987744{margin-right: 0px !important;margin-left: 0px !important;padding-right: 0px !important;padding-left: 0px !important;}\u00a0\u00bb][vc_custom_heading text=\u00a0\u00bb60 Exposants\u00a0\u00bb font_container=\u00a0\u00bbtag:p|font_size:26|text_align:left|color:%232B2E34|line_height:44px\u00a0\u00bb use_theme_fonts=\u00a0\u00bbyes\u00a0\u00bb css_animation=\u00a0\u00bbfadeInUp\u00a0\u00bb css=\u00a0\u00bb.vc_custom_1731260842241{margin-right: 0px !important;margin-bottom: 0px !important;margin-left: 0px !important;border-left-width: 3px !important;padding-right: 0px !important;padding-left: 0px !important;border-left-style: solid !important;border-color: #2B2E34 !important;}\u00a0\u00bb el_class=\u00a0\u00bbfw-800 text-upper\u00a0\u00bb][\/vc_column_inner][\/vc_row_inner][\/vc_column][\/vc_row][\/vc_section][vc_section css=\u00a0\u00bb.vc_custom_1727495120406{margin-right: 0px !important;margin-left: 0px !important;padding-top: 180px !important;padding-right: 0px !important;padding-bottom: 180px !important;padding-left: 0px !important;background-color: #FFFFFF !important;}\u00a0\u00bb el_id=\u00a0\u00bbslider-section\u00a0\u00bb][vc_row el_class=\u00a0\u00bbsite-container\u00a0\u00bb][vc_column][vc_column_text css=\u00a0\u00bb.vc_custom_1742076237442{margin-bottom: 0px !important;}\u00a0\u00bb]        <div class=\"swiper-container logo-brand\">\r\n            <div class=\"swiper-wrapper\">\r\n                                        <div class=\"swiper-slide\">\r\n                                                            <a href=\"https:\/\/www.martigny.com\" target=\"_blank\">\r\n                                    <img decoding=\"async\" src=\"https:\/\/expo-moto.ch\/wordpress\/wp-content\/uploads\/2024\/11\/logo_otm_principal_cmyk-1024x556-002.jpg\" \r\n                                         alt=\"\" \r\n                                         srcset=\"\" \r\n                                         sizes=\"(max-width: 768px) 100vw, 33vw\" \/>\r\n                                <\/a>\r\n                                                    <\/div>\r\n                                                            <div class=\"swiper-slide\">\r\n                                                            <a href=\"https:\/\/radiochablais.ch\" target=\"_blank\">\r\n                                    <img decoding=\"async\" src=\"https:\/\/expo-moto.ch\/wordpress\/wp-content\/uploads\/2024\/11\/logo_RC.png\" \r\n                                         alt=\"\" \r\n                                         srcset=\"\" \r\n                                         sizes=\"(max-width: 768px) 100vw, 33vw\" \/>\r\n                                <\/a>\r\n                                                    <\/div>\r\n                                                            <div class=\"swiper-slide\">\r\n                                                            <a href=\"https:\/\/www.martigny.ch\" target=\"_blank\">\r\n                                    <img decoding=\"async\" src=\"https:\/\/expo-moto.ch\/wordpress\/wp-content\/uploads\/2024\/11\/logo-ville-de-martigny.png\" \r\n                                         alt=\"\" \r\n                                         srcset=\"\" \r\n                                         sizes=\"(max-width: 768px) 100vw, 33vw\" \/>\r\n                                <\/a>\r\n                                                    <\/div>\r\n                                                            <div class=\"swiper-slide\">\r\n                                                            <a href=\"https:\/\/www.gksecurite.ch\" target=\"_blank\">\r\n                                    <img decoding=\"async\" src=\"https:\/\/expo-moto.ch\/wordpress\/wp-content\/uploads\/2024\/11\/Sauvegarde_de_GK_mail_11.02-1.png\" \r\n                                         alt=\"\" \r\n                                         srcset=\"\" \r\n                                         sizes=\"(max-width: 768px) 100vw, 33vw\" \/>\r\n                                <\/a>\r\n                                                    <\/div>\r\n                                                            <div class=\"swiper-slide\">\r\n                                                            <img decoding=\"async\" src=\"https:\/\/expo-moto.ch\/wordpress\/wp-content\/uploads\/2024\/11\/f7b911_85e419cb12b743749a53d6319d47dfdd.jpg\" \r\n                                     alt=\"\" \r\n                                     srcset=\"\" \r\n                                     sizes=\"(max-width: 768px) 100vw, 33vw\" \/>\r\n                                                    <\/div>\r\n                                                            <div class=\"swiper-slide\">\r\n                                                            <a href=\"https:\/\/www.lfm.ch\" target=\"_blank\">\r\n                                    <img decoding=\"async\" src=\"https:\/\/expo-moto.ch\/wordpress\/wp-content\/uploads\/2024\/11\/lfm-carre-rgb-violet-fond-blanc-1.png\" \r\n                                         alt=\"\" \r\n                                         srcset=\"\" \r\n                                         sizes=\"(max-width: 768px) 100vw, 33vw\" \/>\r\n                                <\/a>\r\n                                                    <\/div>\r\n                                                            <div class=\"swiper-slide\">\r\n                                                            <a href=\"http:\/\/www.blume-agence.fr\" target=\"_blank\">\r\n                                    <img decoding=\"async\" src=\"https:\/\/expo-moto.ch\/wordpress\/wp-content\/uploads\/2024\/11\/Logo-blume-fond-blancSans-titre-1.png\" \r\n                                         alt=\"\" \r\n                                         srcset=\"\" \r\n                                         sizes=\"(max-width: 768px) 100vw, 33vw\" \/>\r\n                                <\/a>\r\n                                                    <\/div>\r\n                                                            <div class=\"swiper-slide\">\r\n                                                            <a href=\"http:\/\/www.cmmartigny.ch\" target=\"_blank\">\r\n                                    <img decoding=\"async\" src=\"https:\/\/expo-moto.ch\/wordpress\/wp-content\/uploads\/2024\/11\/Logo-Noir-et-rouge.png\" \r\n                                         alt=\"\" \r\n                                         srcset=\"\" \r\n                                         sizes=\"(max-width: 768px) 100vw, 33vw\" \/>\r\n                                <\/a>\r\n                                                    <\/div>\r\n                                                            <div class=\"swiper-slide\">\r\n                                                            <a href=\"https:\/\/www.zuffracing.ch\" target=\"_blank\">\r\n                                    <img decoding=\"async\" src=\"https:\/\/expo-moto.ch\/wordpress\/wp-content\/uploads\/2024\/11\/Logo-Zufferey.png\" \r\n                                         alt=\"\" \r\n                                         srcset=\"\" \r\n                                         sizes=\"(max-width: 768px) 100vw, 33vw\" \/>\r\n                                <\/a>\r\n                                                    <\/div>\r\n                                                            <div class=\"swiper-slide\">\r\n                                                            <a href=\"https:\/\/moto-parts.ch\" target=\"_blank\">\r\n                                    <img decoding=\"async\" src=\"https:\/\/expo-moto.ch\/wordpress\/wp-content\/uploads\/2024\/11\/Motoparts-logo.png\" \r\n                                         alt=\"\" \r\n                                         srcset=\"\" \r\n                                         sizes=\"(max-width: 768px) 100vw, 33vw\" \/>\r\n                                <\/a>\r\n                                                    <\/div>\r\n                                                            <div class=\"swiper-slide\">\r\n                                                            <a href=\"https:\/\/www.martigny-expo.ch\" target=\"_blank\">\r\n                                    <img decoding=\"async\" src=\"https:\/\/expo-moto.ch\/wordpress\/wp-content\/uploads\/2025\/02\/martignyexpo-positif.jpg\" \r\n                                         alt=\"\" \r\n                                         srcset=\"\" \r\n                                         sizes=\"(max-width: 768px) 100vw, 33vw\" \/>\r\n                                <\/a>\r\n                                                    <\/div>\r\n                                                            <div class=\"swiper-slide\">\r\n                                                            <a href=\"https:\/\/www.rhonefm.ch\" target=\"_blank\">\r\n                                    <img decoding=\"async\" src=\"https:\/\/expo-moto.ch\/wordpress\/wp-content\/uploads\/2024\/11\/images-2.png\" \r\n                                         alt=\"\" \r\n                                         srcset=\"\" \r\n                                         sizes=\"(max-width: 768px) 100vw, 33vw\" \/>\r\n                                <\/a>\r\n                                                    <\/div>\r\n                                                            <div class=\"swiper-slide\">\r\n                                                            <a href=\"https:\/\/moto.suzuki.ch\" target=\"_blank\">\r\n                                    <img decoding=\"async\" src=\"https:\/\/expo-moto.ch\/wordpress\/wp-content\/uploads\/2025\/02\/suzuki.svg\" \r\n                                         alt=\"\" \r\n                                         srcset=\"\" \r\n                                         sizes=\"(max-width: 768px) 100vw, 33vw\" \/>\r\n                                <\/a>\r\n                                                    <\/div>\r\n                                                <\/div>\r\n\r\n            <div class=\"swiper-button-next\"><\/div>\r\n            <div class=\"swiper-button-prev\"><\/div>\r\n        <\/div>\r\n\r\n        <style>\r\n            .swiper-container {\r\n                width: 100%;\r\n                height: auto;\r\n            }\r\n            .swiper-slide img {\r\n                width: 100%;\r\n                height: auto;\r\n            }\r\n        <\/style>\r\n\r\n        <script>\r\n            var swiper = new Swiper('.swiper-container', {\r\n\t\t\t\tslidesPerView: 1, \r\n\t\t\t\tloop: true,\r\n\t\t\t\tnavigation: {\r\n\t\t\t\t\tnextEl: '.swiper-button-next',\r\n\t\t\t\t\tprevEl: '.swiper-button-prev',\r\n\t\t\t\t},\r\n\t\t\t\tbreakpoints: {\r\n\t\t\t\t\t768: {\r\n\t\t\t\t\t\tslidesPerView: 3,\r\n\t\t\t\t\t\tspaceBetween: 10,\r\n\t\t\t\t\t}\r\n\t\t\t\t}\r\n\t\t\t});\r\n        <\/script>\r\n\r\n        [\/vc_column_text][\/vc_column][\/vc_row][\/vc_section][vc_row][vc_column][\/vc_column][\/vc_row][vc_row][vc_column][\/vc_column][\/vc_row]<\/p>\n<\/div>","protected":false},"excerpt":{"rendered":"<p>[vc_row full_width=\u00a0\u00bbstretch_row\u00a0\u00bb css=\u00a0\u00bb.vc_custom_1727455932728{margin-right: 0px !important;margin-left: 0px !important;padding-right: 0px !important;padding-left: 0px !important;}\u00a0\u00bb][vc_column css=\u00a0\u00bb.vc_custom_1727445378329{margin-right: 0px !important;margin-left: 0px !important;padding-right: 0px !important;padding-left: 0px !important;}\u00a0\u00bb][vc_single_image image=\u00a0\u00bb1170&Prime; img_size=\u00a0\u00bbfull\u00a0\u00bb css_animation=\u00a0\u00bbfadeIn\u00a0\u00bb css=\u00a0\u00bb.vc_custom_1731256018962{margin-right: 0px !important;margin-bottom: 0px !important;margin-left: 0px !important;padding-right: 0px !important;padding-left: 0px !important;}\u00a0\u00bb el_class=\u00a0\u00bbbanner-img\u00a0\u00bb][\/vc_column][\/vc_row][vc_row el_class=\u00a0\u00bbsite-container\u00a0\u00bb][vc_column css=\u00a0\u00bb.vc_custom_1727450317230{padding-right: 0px !important;padding-left: 0px !important;}\u00a0\u00bb][vc_column_text css=\u00a0\u00bb.vc_custom_1727749981773{margin-bottom: 17px !important;}\u00a0\u00bb el_class=\u00a0\u00bbextra-title\u00a0\u00bb] Expo-Moto Martigny [\/vc_column_text][vc_column_text css=\u00a0\u00bb\u00a0\u00bb el_class=\u00a0\u00bbtitle-date\u00a0\u00bb] 29-30 Mars 2025 [\/vc_column_text][\/vc_column][\/vc_row][vc_row el_class=\u00a0\u00bbsite-container [&hellip;]<\/p>\n","protected":false},"author":1,"featured_media":0,"parent":0,"menu_order":0,"comment_status":"closed","ping_status":"closed","template":"","meta":{"_acf_changed":false,"footnotes":""},"class_list":["post-496","page","type-page","status-publish","hentry"],"acf":[],"_links":{"self":[{"href":"https:\/\/expo-moto.ch\/wordpress\/wp-json\/wp\/v2\/pages\/496","targetHints":{"allow":["GET"]}}],"collection":[{"href":"https:\/\/expo-moto.ch\/wordpress\/wp-json\/wp\/v2\/pages"}],"about":[{"href":"https:\/\/expo-moto.ch\/wordpress\/wp-json\/wp\/v2\/types\/page"}],"author":[{"embeddable":true,"href":"https:\/\/expo-moto.ch\/wordpress\/wp-json\/wp\/v2\/users\/1"}],"replies":[{"embeddable":true,"href":"https:\/\/expo-moto.ch\/wordpress\/wp-json\/wp\/v2\/comments?post=496"}],"version-history":[{"count":144,"href":"https:\/\/expo-moto.ch\/wordpress\/wp-json\/wp\/v2\/pages\/496\/revisions"}],"predecessor-version":[{"id":1435,"href":"https:\/\/expo-moto.ch\/wordpress\/wp-json\/wp\/v2\/pages\/496\/revisions\/1435"}],"wp:attachment":[{"href":"https:\/\/expo-moto.ch\/wordpress\/wp-json\/wp\/v2\/media?parent=496"}],"curies":[{"name":"wp","href":"https:\/\/api.w.org\/{rel}","templated":true}]}}